{"id":68574,"date":"2025-11-22T01:15:07","date_gmt":"2025-11-21T23:15:07","guid":{"rendered":"https:\/\/origon-eu.com\/cro\/?post_type=product&#038;p=68574"},"modified":"2025-11-27T17:53:18","modified_gmt":"2025-11-27T15:53:18","slug":"metalni-3-etazni-stalak","status":"publish","type":"product","link":"https:\/\/origon-eu.com\/cro\/product\/metalni-3-etazni-stalak\/","title":{"rendered":"Metalni 3-eta\u017eni stalak"},"content":{"rendered":"\t\t<div data-elementor-type=\"product-post\" data-elementor-id=\"68574\" class=\"elementor elementor-68574\" data-elementor-post-type=\"product\">\n\t\t\t\t<div class=\"wd-negative-gap elementor-element elementor-element-4f17ac6 e-flex e-con-boxed e-con e-parent\" data-id=\"4f17ac6\" data-element_type=\"container\">\n\t\t\t\t\t<div class=\"e-con-inner\">\n\t\t\t\t<div class=\"elementor-element elementor-element-99e245a elementor-headline--style-highlight elementor-widget elementor-widget-animated-headline\" data-id=\"99e245a\" data-element_type=\"widget\" data-settings=\"{&quot;marker&quot;:&quot;underline&quot;,&quot;highlighted_text&quot;:&quot;perilicu i su\\u0161ilicu.&quot;,&quot;headline_style&quot;:&quot;highlight&quot;,&quot;loop&quot;:&quot;yes&quot;,&quot;highlight_animation_duration&quot;:1200,&quot;highlight_iteration_delay&quot;:8000}\" data-widget_type=\"animated-headline.default\">\n\t\t\t\t<div class=\"elementor-widget-container\">\n\t\t\t\t\t\t\t<h3 class=\"elementor-headline\">\n\t\t\t\t\t<span class=\"elementor-headline-plain-text elementor-headline-text-wrapper\">Kompaktna i izdr\u017eljiva polica za <\/span>\n\t\t\t\t<span class=\"elementor-headline-dynamic-wrapper elementor-headline-text-wrapper\">\n\t\t\t\t\t<span class=\"elementor-headline-dynamic-text elementor-headline-text-active\">perilicu i su\u0161ilicu.<\/span>\n\t\t\t\t<\/span>\n\t\t\t\t<\/h3>\n\t\t\t\t\t\t<\/div>\n\t\t\t\t<\/div>\n\t\t\t\t\t<\/div>\n\t\t\t\t<\/div>\n\t\t<div class=\"wd-negative-gap elementor-element elementor-element-92ec095 e-flex e-con-boxed e-con e-parent\" data-id=\"92ec095\" data-element_type=\"container\">\n\t\t\t\t\t<div class=\"e-con-inner\">\n\t\t\t\t<div class=\"elementor-element elementor-element-8c39cab elementor-widget elementor-widget-image\" data-id=\"8c39cab\" data-element_type=\"widget\" data-widget_type=\"image.default\">\n\t\t\t\t<div class=\"elementor-widget-container\">\n\t\t\t\t\t\t\t\t\t\t\t\t\t\t\t<img fetchpriority=\"high\" decoding=\"async\" width=\"1024\" height=\"420\" src=\"https:\/\/origon-eu.com\/cro\/wp-content\/uploads\/2025\/11\/over-washer-and-dryer-storage-shelf-a100-1.4.png\" class=\"attachment-large size-large wp-image-68762\" alt=\"\" \/>\t\t\t\t\t\t\t\t\t\t\t\t\t\t\t<\/div>\n\t\t\t\t<\/div>\n\t\t\t\t\t<\/div>\n\t\t\t\t<\/div>\n\t\t<div class=\"wd-negative-gap elementor-element elementor-element-5700caa e-flex e-con-boxed e-con e-parent\" data-id=\"5700caa\" data-element_type=\"container\">\n\t\t\t\t\t<div class=\"e-con-inner\">\n\t\t\t\t<div class=\"elementor-element elementor-element-9058f66 elementor-widget elementor-widget-image\" data-id=\"9058f66\" data-element_type=\"widget\" data-widget_type=\"image.default\">\n\t\t\t\t<div class=\"elementor-widget-container\">\n\t\t\t\t\t\t\t\t\t\t\t\t\t\t\t<img decoding=\"async\" width=\"1024\" height=\"420\" src=\"https:\/\/origon-eu.com\/cro\/wp-content\/uploads\/2025\/11\/over-washer-and-dryer-storage-shelf-a100-2.3.png\" class=\"attachment-large size-large wp-image-68763\" alt=\"\" \/>\t\t\t\t\t\t\t\t\t\t\t\t\t\t\t<\/div>\n\t\t\t\t<\/div>\n\t\t\t\t\t<\/div>\n\t\t\t\t<\/div>\n\t\t<div class=\"wd-negative-gap elementor-element elementor-element-a7667b7 e-flex e-con-boxed e-con e-parent\" data-id=\"a7667b7\" data-element_type=\"container\">\n\t\t\t\t\t<div class=\"e-con-inner\">\n\t\t\t\t<div class=\"elementor-element elementor-element-766769d elementor-widget elementor-widget-image\" data-id=\"766769d\" data-element_type=\"widget\" data-widget_type=\"image.default\">\n\t\t\t\t<div class=\"elementor-widget-container\">\n\t\t\t\t\t\t\t\t\t\t\t\t\t\t\t<img decoding=\"async\" width=\"1024\" height=\"420\" src=\"https:\/\/origon-eu.com\/cro\/wp-content\/uploads\/2025\/11\/over-washer-and-dryer-storage-shelf-a100-1.11.png\" class=\"attachment-large size-large wp-image-68764\" alt=\"\" \/>\t\t\t\t\t\t\t\t\t\t\t\t\t\t\t<\/div>\n\t\t\t\t<\/div>\n\t\t\t\t\t<\/div>\n\t\t\t\t<\/div>\n\t\t\t\t<\/div>\n\t\t","protected":false},"excerpt":{"rendered":"<article class=\"text-token-text-primary w-full focus:outline-none [--shadow-height:45px] has-data-writing-block:pointer-events-none has-data-writing-block:-mt-(--shadow-height) has-data-writing-block:pt-(--shadow-height) [&amp;:has([data-writing-block])&gt;*]:pointer-events-auto [content-visibility:auto] supports-[content-visibility:auto]:[contain-intrinsic-size:auto_100lvh] scroll-mt-[calc(var(--header-height)+min(200px,max(70px,20svh)))]\" dir=\"auto\" tabindex=\"-1\" data-turn-id=\"request-WEB:a9096f8f-1935-454e-829d-51c0248bcf37-8\" data-testid=\"conversation-turn-18\" data-scroll-anchor=\"true\" data-turn=\"assistant\">\n<div class=\"text-base my-auto mx-auto pb-10 [--thread-content-margin:--spacing(4)] thread-sm:[--thread-content-margin:--spacing(6)] thread-lg:[--thread-content-margin:--spacing(16)] px-(--thread-content-margin)\">\n<div class=\"[--thread-content-max-width:40rem] thread-lg:[--thread-content-max-width:48rem] mx-auto max-w-(--thread-content-max-width) flex-1 group\/turn-messages focus-visible:outline-hidden relative flex w-full min-w-0 flex-col agent-turn\" tabindex=\"-1\">\n<div class=\"flex max-w-full flex-col grow\">\n<div class=\"min-h-8 text-message relative flex w-full flex-col items-end gap-2 text-start break-words whitespace-normal [.text-message+&amp;]:mt-1\" dir=\"auto\" data-message-author-role=\"assistant\" data-message-id=\"74f5c55e-0946-4751-a3cd-41777591aa6d\" data-message-model-slug=\"gpt-5-1\">\n<div class=\"flex w-full flex-col gap-1 empty:hidden first:pt-[1px]\">\n<div class=\"markdown prose dark:prose-invert w-full break-words dark markdown-new-styling\">\n<ul data-start=\"47\" data-end=\"577\" data-is-last-node=\"\" data-is-only-node=\"\">\n<li data-start=\"47\" data-end=\"156\">\n<p data-start=\"49\" data-end=\"156\"><strong data-start=\"49\" data-end=\"82\">Protuklizne i stabilne nogice<\/strong> ravnomjerno raspore\u0111uju teret, \u0161tite pod i osiguravaju sna\u017enu nosivost.<\/p>\n<\/li>\n<li data-start=\"157\" data-end=\"262\">\n<p data-start=\"159\" data-end=\"262\"><strong data-start=\"159\" data-end=\"183\">Vi\u0161eslojno odlaganje<\/strong> omogu\u0107uje urednu organizaciju potrep\u0161tina bez gubitka prostora oko perilice.<\/p>\n<\/li>\n<li data-start=\"263\" data-end=\"364\">\n<p data-start=\"265\" data-end=\"364\"><strong data-start=\"265\" data-end=\"291\">Pro\u0161irena gornja ploha<\/strong> pru\u017ea dodatni prostor za spremanje ve\u0107ih predmeta i toaletnog pribora.<\/p>\n<\/li>\n<li data-start=\"365\" data-end=\"484\">\n<p data-start=\"367\" data-end=\"484\"><strong data-start=\"367\" data-end=\"390\">\u010cvrsta konstrukcija<\/strong> od debelih \u010deli\u010dnih cijevi i drvene plo\u010de sprje\u010dava deformacije i podnosi ve\u0107e optere\u0107enje.<\/p>\n<\/li>\n<li data-start=\"485\" data-end=\"577\" data-is-last-node=\"\">\n<p data-start=\"487\" data-end=\"577\" data-is-last-node=\"\"><strong data-start=\"487\" data-end=\"506\">Za\u0161titni premaz<\/strong> otporan na vlagu, hr\u0111u i oksidaciju osigurava dugotrajnu izdr\u017eljivost.<\/p>\n<\/li>\n<\/ul>\n<\/div>\n<\/div>\n<\/div>\n<\/div>\n<\/div>\n<\/div>\n<\/article>\n","protected":false},"featured_media":68575,"template":"","meta":{"_acf_changed":false},"product_brand":[],"product_cat":[165],"product_tag":[],"class_list":{"0":"post-68574","1":"product","2":"type-product","3":"status-publish","4":"has-post-thumbnail","6":"product_cat-uncategorized","8":"first","9":"instock","10":"sale","11":"shipping-taxable","12":"purchasable","13":"product-type-simple"},"acf":[],"yoast_head":"<!-- This site is optimized with the Yoast SEO plugin v24.2 - https:\/\/yoast.com\/wordpress\/plugins\/seo\/ -->\n<title>Metalni 3-eta\u017eni stalak - Origon EU<\/title>\n<meta name=\"robots\" content=\"index, follow, max-snippet:-1, max-image-preview:large, max-video-preview:-1\" \/>\n<link rel=\"canonical\" href=\"https:\/\/origon-eu.com\/cro\/product\/metalni-3-etazni-stalak\/\" \/>\n<meta property=\"og:locale\" content=\"hr_HR\" \/>\n<meta property=\"og:type\" content=\"article\" \/>\n<meta property=\"og:title\" content=\"Metalni 3-eta\u017eni stalak - Origon EU\" \/>\n<meta property=\"og:description\" content=\"Protuklizne i stabilne nogice ravnomjerno raspore\u0111uju teret, \u0161tite pod i osiguravaju sna\u017enu nosivost.    Vi\u0161eslojno odlaganje omogu\u0107uje urednu organizaciju potrep\u0161tina bez gubitka prostora oko perilice.    Pro\u0161irena gornja ploha pru\u017ea dodatni prostor za spremanje ve\u0107ih predmeta i toaletnog pribora.    \u010cvrsta konstrukcija od debelih \u010deli\u010dnih cijevi i drvene plo\u010de sprje\u010dava deformacije i podnosi ve\u0107e optere\u0107enje.    Za\u0161titni premaz otporan na vlagu, hr\u0111u i oksidaciju osigurava dugotrajnu izdr\u017eljivost.\" \/>\n<meta property=\"og:url\" content=\"https:\/\/origon-eu.com\/cro\/product\/metalni-3-etazni-stalak\/\" \/>\n<meta property=\"og:site_name\" content=\"Origon EU\" \/>\n<meta property=\"article:modified_time\" content=\"2025-11-27T15:53:18+00:00\" \/>\n<meta property=\"og:image\" content=\"https:\/\/origon-eu.com\/cro\/wp-content\/uploads\/2025\/11\/6b0ed417-4145-477f-b8c3-1a15ee6f75fc.jpg\" \/>\n\t<meta property=\"og:image:width\" content=\"800\" \/>\n\t<meta property=\"og:image:height\" content=\"800\" \/>\n\t<meta property=\"og:image:type\" content=\"image\/jpeg\" \/>\n<meta name=\"twitter:card\" content=\"summary_large_image\" \/>\n<script type=\"application\/ld+json\" class=\"yoast-schema-graph\">{\"@context\":\"https:\/\/schema.org\",\"@graph\":[{\"@type\":\"WebPage\",\"@id\":\"https:\/\/origon-eu.com\/cro\/product\/metalni-3-etazni-stalak\/\",\"url\":\"https:\/\/origon-eu.com\/cro\/product\/metalni-3-etazni-stalak\/\",\"name\":\"Metalni 3-eta\u017eni stalak - Origon EU\",\"isPartOf\":{\"@id\":\"https:\/\/origon-eu.com\/cro\/#website\"},\"primaryImageOfPage\":{\"@id\":\"https:\/\/origon-eu.com\/cro\/product\/metalni-3-etazni-stalak\/#primaryimage\"},\"image\":{\"@id\":\"https:\/\/origon-eu.com\/cro\/product\/metalni-3-etazni-stalak\/#primaryimage\"},\"thumbnailUrl\":\"https:\/\/origon-eu.com\/cro\/wp-content\/uploads\/2025\/11\/6b0ed417-4145-477f-b8c3-1a15ee6f75fc.jpg\",\"datePublished\":\"2025-11-21T23:15:07+00:00\",\"dateModified\":\"2025-11-27T15:53:18+00:00\",\"breadcrumb\":{\"@id\":\"https:\/\/origon-eu.com\/cro\/product\/metalni-3-etazni-stalak\/#breadcrumb\"},\"inLanguage\":\"hr\",\"potentialAction\":[{\"@type\":\"ReadAction\",\"target\":[\"https:\/\/origon-eu.com\/cro\/product\/metalni-3-etazni-stalak\/\"]}]},{\"@type\":\"ImageObject\",\"inLanguage\":\"hr\",\"@id\":\"https:\/\/origon-eu.com\/cro\/product\/metalni-3-etazni-stalak\/#primaryimage\",\"url\":\"https:\/\/origon-eu.com\/cro\/wp-content\/uploads\/2025\/11\/6b0ed417-4145-477f-b8c3-1a15ee6f75fc.jpg\",\"contentUrl\":\"https:\/\/origon-eu.com\/cro\/wp-content\/uploads\/2025\/11\/6b0ed417-4145-477f-b8c3-1a15ee6f75fc.jpg\",\"width\":800,\"height\":800},{\"@type\":\"BreadcrumbList\",\"@id\":\"https:\/\/origon-eu.com\/cro\/product\/metalni-3-etazni-stalak\/#breadcrumb\",\"itemListElement\":[{\"@type\":\"ListItem\",\"position\":1,\"name\":\"Home\",\"item\":\"https:\/\/origon-eu.com\/cro\/\"},{\"@type\":\"ListItem\",\"position\":2,\"name\":\"Katalog\",\"item\":\"https:\/\/origon-eu.com\/cro\/hr\/shop-2\/\"},{\"@type\":\"ListItem\",\"position\":3,\"name\":\"Metalni 3-eta\u017eni stalak\"}]},{\"@type\":\"WebSite\",\"@id\":\"https:\/\/origon-eu.com\/cro\/#website\",\"url\":\"https:\/\/origon-eu.com\/cro\/\",\"name\":\"Origon EU\",\"description\":\"Online Store\",\"publisher\":{\"@id\":\"https:\/\/origon-eu.com\/cro\/#organization\"},\"potentialAction\":[{\"@type\":\"SearchAction\",\"target\":{\"@type\":\"EntryPoint\",\"urlTemplate\":\"https:\/\/origon-eu.com\/cro\/?s={search_term_string}\"},\"query-input\":{\"@type\":\"PropertyValueSpecification\",\"valueRequired\":true,\"valueName\":\"search_term_string\"}}],\"inLanguage\":\"hr\"},{\"@type\":\"Organization\",\"@id\":\"https:\/\/origon-eu.com\/cro\/#organization\",\"name\":\"Origon EU\",\"url\":\"https:\/\/origon-eu.com\/cro\/\",\"logo\":{\"@type\":\"ImageObject\",\"inLanguage\":\"hr\",\"@id\":\"https:\/\/origon-eu.com\/cro\/#\/schema\/logo\/image\/\",\"url\":\"https:\/\/origon-eu.com\/cro\/wp-content\/uploads\/2024\/04\/Screenshot-2024-04-09-101814.png\",\"contentUrl\":\"https:\/\/origon-eu.com\/cro\/wp-content\/uploads\/2024\/04\/Screenshot-2024-04-09-101814.png\",\"width\":171,\"height\":59,\"caption\":\"Origon EU\"},\"image\":{\"@id\":\"https:\/\/origon-eu.com\/cro\/#\/schema\/logo\/image\/\"}}]}<\/script>\n<!-- \/ Yoast SEO plugin. -->","yoast_head_json":{"title":"Metalni 3-eta\u017eni stalak - Origon EU","robots":{"index":"index","follow":"follow","max-snippet":"max-snippet:-1","max-image-preview":"max-image-preview:large","max-video-preview":"max-video-preview:-1"},"canonical":"https:\/\/origon-eu.com\/cro\/product\/metalni-3-etazni-stalak\/","og_locale":"hr_HR","og_type":"article","og_title":"Metalni 3-eta\u017eni stalak - Origon EU","og_description":"Protuklizne i stabilne nogice ravnomjerno raspore\u0111uju teret, \u0161tite pod i osiguravaju sna\u017enu nosivost.    Vi\u0161eslojno odlaganje omogu\u0107uje urednu organizaciju potrep\u0161tina bez gubitka prostora oko perilice.    Pro\u0161irena gornja ploha pru\u017ea dodatni prostor za spremanje ve\u0107ih predmeta i toaletnog pribora.    \u010cvrsta konstrukcija od debelih \u010deli\u010dnih cijevi i drvene plo\u010de sprje\u010dava deformacije i podnosi ve\u0107e optere\u0107enje.    Za\u0161titni premaz otporan na vlagu, hr\u0111u i oksidaciju osigurava dugotrajnu izdr\u017eljivost.","og_url":"https:\/\/origon-eu.com\/cro\/product\/metalni-3-etazni-stalak\/","og_site_name":"Origon EU","article_modified_time":"2025-11-27T15:53:18+00:00","og_image":[{"width":800,"height":800,"url":"https:\/\/origon-eu.com\/cro\/wp-content\/uploads\/2025\/11\/6b0ed417-4145-477f-b8c3-1a15ee6f75fc.jpg","type":"image\/jpeg"}],"twitter_card":"summary_large_image","schema":{"@context":"https:\/\/schema.org","@graph":[{"@type":"WebPage","@id":"https:\/\/origon-eu.com\/cro\/product\/metalni-3-etazni-stalak\/","url":"https:\/\/origon-eu.com\/cro\/product\/metalni-3-etazni-stalak\/","name":"Metalni 3-eta\u017eni stalak - Origon EU","isPartOf":{"@id":"https:\/\/origon-eu.com\/cro\/#website"},"primaryImageOfPage":{"@id":"https:\/\/origon-eu.com\/cro\/product\/metalni-3-etazni-stalak\/#primaryimage"},"image":{"@id":"https:\/\/origon-eu.com\/cro\/product\/metalni-3-etazni-stalak\/#primaryimage"},"thumbnailUrl":"https:\/\/origon-eu.com\/cro\/wp-content\/uploads\/2025\/11\/6b0ed417-4145-477f-b8c3-1a15ee6f75fc.jpg","datePublished":"2025-11-21T23:15:07+00:00","dateModified":"2025-11-27T15:53:18+00:00","breadcrumb":{"@id":"https:\/\/origon-eu.com\/cro\/product\/metalni-3-etazni-stalak\/#breadcrumb"},"inLanguage":"hr","potentialAction":[{"@type":"ReadAction","target":["https:\/\/origon-eu.com\/cro\/product\/metalni-3-etazni-stalak\/"]}]},{"@type":"ImageObject","inLanguage":"hr","@id":"https:\/\/origon-eu.com\/cro\/product\/metalni-3-etazni-stalak\/#primaryimage","url":"https:\/\/origon-eu.com\/cro\/wp-content\/uploads\/2025\/11\/6b0ed417-4145-477f-b8c3-1a15ee6f75fc.jpg","contentUrl":"https:\/\/origon-eu.com\/cro\/wp-content\/uploads\/2025\/11\/6b0ed417-4145-477f-b8c3-1a15ee6f75fc.jpg","width":800,"height":800},{"@type":"BreadcrumbList","@id":"https:\/\/origon-eu.com\/cro\/product\/metalni-3-etazni-stalak\/#breadcrumb","itemListElement":[{"@type":"ListItem","position":1,"name":"Home","item":"https:\/\/origon-eu.com\/cro\/"},{"@type":"ListItem","position":2,"name":"Katalog","item":"https:\/\/origon-eu.com\/cro\/hr\/shop-2\/"},{"@type":"ListItem","position":3,"name":"Metalni 3-eta\u017eni stalak"}]},{"@type":"WebSite","@id":"https:\/\/origon-eu.com\/cro\/#website","url":"https:\/\/origon-eu.com\/cro\/","name":"Origon EU","description":"Online Store","publisher":{"@id":"https:\/\/origon-eu.com\/cro\/#organization"},"potentialAction":[{"@type":"SearchAction","target":{"@type":"EntryPoint","urlTemplate":"https:\/\/origon-eu.com\/cro\/?s={search_term_string}"},"query-input":{"@type":"PropertyValueSpecification","valueRequired":true,"valueName":"search_term_string"}}],"inLanguage":"hr"},{"@type":"Organization","@id":"https:\/\/origon-eu.com\/cro\/#organization","name":"Origon EU","url":"https:\/\/origon-eu.com\/cro\/","logo":{"@type":"ImageObject","inLanguage":"hr","@id":"https:\/\/origon-eu.com\/cro\/#\/schema\/logo\/image\/","url":"https:\/\/origon-eu.com\/cro\/wp-content\/uploads\/2024\/04\/Screenshot-2024-04-09-101814.png","contentUrl":"https:\/\/origon-eu.com\/cro\/wp-content\/uploads\/2024\/04\/Screenshot-2024-04-09-101814.png","width":171,"height":59,"caption":"Origon EU"},"image":{"@id":"https:\/\/origon-eu.com\/cro\/#\/schema\/logo\/image\/"}}]}},"tiered_pricing_type":"fixed","tiered_pricing_fixed_rules":[],"tiered_pricing_percentage_rules":[],"tiered_pricing_minimum":1,"tiered_pricing_roles_data":[],"_links":{"self":[{"href":"https:\/\/origon-eu.com\/cro\/wp-json\/wp\/v2\/product\/68574","targetHints":{"allow":["GET"]}}],"collection":[{"href":"https:\/\/origon-eu.com\/cro\/wp-json\/wp\/v2\/product"}],"about":[{"href":"https:\/\/origon-eu.com\/cro\/wp-json\/wp\/v2\/types\/product"}],"version-history":[{"count":23,"href":"https:\/\/origon-eu.com\/cro\/wp-json\/wp\/v2\/product\/68574\/revisions"}],"predecessor-version":[{"id":68768,"href":"https:\/\/origon-eu.com\/cro\/wp-json\/wp\/v2\/product\/68574\/revisions\/68768"}],"wp:featuredmedia":[{"embeddable":true,"href":"https:\/\/origon-eu.com\/cro\/wp-json\/wp\/v2\/media\/68575"}],"wp:attachment":[{"href":"https:\/\/origon-eu.com\/cro\/wp-json\/wp\/v2\/media?parent=68574"}],"wp:term":[{"taxonomy":"product_brand","embeddable":true,"href":"https:\/\/origon-eu.com\/cro\/wp-json\/wp\/v2\/product_brand?post=68574"},{"taxonomy":"product_cat","embeddable":true,"href":"https:\/\/origon-eu.com\/cro\/wp-json\/wp\/v2\/product_cat?post=68574"},{"taxonomy":"product_tag","embeddable":true,"href":"https:\/\/origon-eu.com\/cro\/wp-json\/wp\/v2\/product_tag?post=68574"}],"curies":[{"name":"wp","href":"https:\/\/api.w.org\/{rel}","templated":true}]}}