{"id":68504,"date":"2025-11-20T04:33:33","date_gmt":"2025-11-20T02:33:33","guid":{"rendered":"https:\/\/origon-eu.com\/cro\/?post_type=product&#038;p=68504"},"modified":"2025-11-25T09:21:29","modified_gmt":"2025-11-25T07:21:29","slug":"luksuzni-stolic-za-kavu-ruzicasto-zlatni-nehrdajuci-celik","status":"publish","type":"product","link":"https:\/\/origon-eu.com\/cro\/product\/luksuzni-stolic-za-kavu-ruzicasto-zlatni-nehrdajuci-celik\/","title":{"rendered":"Luksuzni stoli\u0107 za kavu \u2013 Ru\u017ei\u010dasto-zlatni nehr\u0111aju\u0107i \u010delik"},"content":{"rendered":"\t\t<div data-elementor-type=\"product-post\" data-elementor-id=\"68504\" class=\"elementor elementor-68504\" data-elementor-post-type=\"product\">\n\t\t\t\t<div class=\"wd-negative-gap elementor-element elementor-element-ce0a236 e-flex e-con-boxed e-con e-parent\" data-id=\"ce0a236\" data-element_type=\"container\">\n\t\t\t\t\t<div class=\"e-con-inner\">\n\t\t\t\t<div class=\"elementor-element elementor-element-81ea089 elementor-headline--style-highlight elementor-widget elementor-widget-animated-headline\" data-id=\"81ea089\" data-element_type=\"widget\" data-settings=\"{&quot;marker&quot;:&quot;curly&quot;,&quot;highlighted_text&quot;:&quot;INFORMACIJE O PROIZVODU&quot;,&quot;headline_style&quot;:&quot;highlight&quot;,&quot;loop&quot;:&quot;yes&quot;,&quot;highlight_animation_duration&quot;:1200,&quot;highlight_iteration_delay&quot;:8000}\" data-widget_type=\"animated-headline.default\">\n\t\t\t\t<div class=\"elementor-widget-container\">\n\t\t\t\t\t\t\t<h3 class=\"elementor-headline\">\n\t\t\t\t<span class=\"elementor-headline-dynamic-wrapper elementor-headline-text-wrapper\">\n\t\t\t\t\t<span class=\"elementor-headline-dynamic-text elementor-headline-text-active\">INFORMACIJE O PROIZVODU<\/span>\n\t\t\t\t<\/span>\n\t\t\t\t<\/h3>\n\t\t\t\t\t\t<\/div>\n\t\t\t\t<\/div>\n\t\t\t\t\t<\/div>\n\t\t\t\t<\/div>\n\t\t<div class=\"wd-negative-gap elementor-element elementor-element-71f8896 e-flex e-con-boxed e-con e-parent\" data-id=\"71f8896\" data-element_type=\"container\">\n\t\t\t\t\t<div class=\"e-con-inner\">\n\t\t<div class=\"elementor-element elementor-element-9fd54c4 e-con-full e-flex e-con e-child\" data-id=\"9fd54c4\" data-element_type=\"container\">\n\t\t\t\t<div class=\"elementor-element elementor-element-465bdc3 elementor-widget elementor-widget-heading\" data-id=\"465bdc3\" data-element_type=\"widget\" data-widget_type=\"heading.default\">\n\t\t\t\t<div class=\"elementor-widget-container\">\n\t\t\t\t\t<h2 class=\"elementor-heading-title elementor-size-default\">MATERIJALI I ODR\u017dAVANJE<\/h2>\t\t\t\t<\/div>\n\t\t\t\t<\/div>\n\t\t\t\t<div class=\"elementor-element elementor-element-0be3589 elementor-widget-divider--separator-type-pattern elementor-widget-divider--view-line elementor-widget elementor-widget-divider\" data-id=\"0be3589\" data-element_type=\"widget\" data-widget_type=\"divider.default\">\n\t\t\t\t<div class=\"elementor-widget-container\">\n\t\t\t\t\t\t\t<div class=\"elementor-divider\" style=\"--divider-pattern-url: url(&quot;data:image\/svg+xml,%3Csvg xmlns=&#039;http:\/\/www.w3.org\/2000\/svg&#039; preserveAspectRatio=&#039;none&#039; overflow=&#039;visible&#039; height=&#039;100%&#039; viewBox=&#039;0 0 24 24&#039; fill=&#039;none&#039; stroke=&#039;black&#039; stroke-width=&#039;1&#039; stroke-linecap=&#039;square&#039; stroke-miterlimit=&#039;10&#039;%3E%3Cpath d=&#039;M0,21c3.3,0,8.3-0.9,15.7-7.1c6.6-5.4,4.4-9.3,2.4-10.3c-3.4-1.8-7.7,1.3-7.3,8.8C11.2,20,17.1,21,24,21&#039;\/%3E%3C\/svg%3E&quot;);\">\n\t\t\t<span class=\"elementor-divider-separator\">\n\t\t\t\t\t\t<\/span>\n\t\t<\/div>\n\t\t\t\t\t\t<\/div>\n\t\t\t\t<\/div>\n\t\t\t\t<div class=\"elementor-element elementor-element-f7dfb3d color-scheme-inherit text-left elementor-widget elementor-widget-text-editor\" data-id=\"f7dfb3d\" data-element_type=\"widget\" data-widget_type=\"text-editor.default\">\n\t\t\t\t<div class=\"elementor-widget-container\">\n\t\t\t\t\t\t\t\t\t<ul><li data-start=\"70\" data-end=\"101\"><p data-start=\"72\" data-end=\"101\"><strong data-start=\"72\" data-end=\"93\">Materijal okvira:<\/strong> Metal<\/p><\/li><li data-start=\"102\" data-end=\"161\"><p data-start=\"104\" data-end=\"161\"><strong data-start=\"104\" data-end=\"121\">Gornja plo\u010da:<\/strong> Iverica s imitacijom mramora, \u017eeljezo<\/p><\/li><li data-start=\"162\" data-end=\"196\"><p data-start=\"164\" data-end=\"196\"><strong data-start=\"164\" data-end=\"173\">Baza:<\/strong> Metalna konstrukcija<\/p><\/li><li data-start=\"197\" data-end=\"246\"><p data-start=\"199\" data-end=\"246\"><strong data-start=\"199\" data-end=\"222\">Otpornost na mrlje:<\/strong> Nije otporno na mrlje<\/p><\/li><li data-start=\"247\" data-end=\"289\"><p data-start=\"249\" data-end=\"289\"><strong data-start=\"249\" data-end=\"271\">Glavni materijali:<\/strong> Iverica i metal<\/p><\/li><li data-start=\"290\" data-end=\"346\" data-is-last-node=\"\"><p data-start=\"292\" data-end=\"346\" data-is-last-node=\"\"><strong data-start=\"292\" data-end=\"321\">Materijal zavr\u0161ne obrade:<\/strong> Pra\u0161kasto lakirani metal<\/p><\/li><\/ul>\t\t\t\t\t\t\t\t<\/div>\n\t\t\t\t<\/div>\n\t\t\t\t<\/div>\n\t\t<div class=\"elementor-element elementor-element-93e8faf e-con-full e-flex e-con e-child\" data-id=\"93e8faf\" data-element_type=\"container\">\n\t\t\t\t<div class=\"elementor-element elementor-element-316ecc3 elementor-widget elementor-widget-image\" data-id=\"316ecc3\" data-element_type=\"widget\" data-widget_type=\"image.default\">\n\t\t\t\t<div class=\"elementor-widget-container\">\n\t\t\t\t\t\t\t\t\t\t\t\t\t\t\t<img fetchpriority=\"high\" decoding=\"async\" width=\"679\" height=\"508\" src=\"https:\/\/origon-eu.com\/cro\/wp-content\/uploads\/2025\/11\/71txIKxPpTL._AC_SX679_.jpg\" class=\"attachment-large size-large wp-image-68507\" alt=\"\" \/>\t\t\t\t\t\t\t\t\t\t\t\t\t\t\t<\/div>\n\t\t\t\t<\/div>\n\t\t\t\t<\/div>\n\t\t\t\t\t<\/div>\n\t\t\t\t<\/div>\n\t\t<div class=\"wd-negative-gap elementor-element elementor-element-aed24e5 e-flex e-con-boxed e-con e-parent\" data-id=\"aed24e5\" data-element_type=\"container\">\n\t\t\t\t\t<div class=\"e-con-inner\">\n\t\t\t\t<div class=\"elementor-element elementor-element-1281aae elementor-widget elementor-widget-image\" data-id=\"1281aae\" data-element_type=\"widget\" data-widget_type=\"image.default\">\n\t\t\t\t<div class=\"elementor-widget-container\">\n\t\t\t\t\t\t\t\t\t\t\t\t\t\t\t<img decoding=\"async\" width=\"506\" height=\"898\" src=\"https:\/\/origon-eu.com\/cro\/wp-content\/uploads\/2025\/11\/ttttt.gif\" class=\"attachment-large size-large wp-image-68514\" alt=\"\" \/>\t\t\t\t\t\t\t\t\t\t\t\t\t\t\t<\/div>\n\t\t\t\t<\/div>\n\t\t\t\t\t<\/div>\n\t\t\t\t<\/div>\n\t\t\t\t<\/div>\n\t\t","protected":false},"excerpt":{"rendered":"<article class=\"text-token-text-primary w-full focus:outline-none [--shadow-height:45px] has-data-writing-block:pointer-events-none has-data-writing-block:-mt-(--shadow-height) has-data-writing-block:pt-(--shadow-height) [&amp;:has([data-writing-block])&gt;*]:pointer-events-auto [content-visibility:auto] supports-[content-visibility:auto]:[contain-intrinsic-size:auto_100lvh] scroll-mt-[calc(var(--header-height)+min(200px,max(70px,20svh)))]\" dir=\"auto\" tabindex=\"-1\" data-turn-id=\"request-WEB:695c4b23-fe89-4d59-9947-ee561c623fef-1\" data-testid=\"conversation-turn-4\" data-scroll-anchor=\"true\" data-turn=\"assistant\">\n<div class=\"text-base my-auto mx-auto pb-10 [--thread-content-margin:--spacing(4)] thread-sm:[--thread-content-margin:--spacing(6)] thread-lg:[--thread-content-margin:--spacing(16)] px-(--thread-content-margin)\">\n<div class=\"[--thread-content-max-width:40rem] thread-lg:[--thread-content-max-width:48rem] mx-auto max-w-(--thread-content-max-width) flex-1 group\/turn-messages focus-visible:outline-hidden relative flex w-full min-w-0 flex-col agent-turn\" tabindex=\"-1\">\n<div class=\"flex max-w-full flex-col grow\">\n<div class=\"min-h-8 text-message relative flex w-full flex-col items-end gap-2 text-start break-words whitespace-normal [.text-message+&amp;]:mt-1\" dir=\"auto\" data-message-author-role=\"assistant\" data-message-id=\"0c523985-e864-4375-aea9-93d541f437b5\" data-message-model-slug=\"gpt-5-1\">\n<div class=\"flex w-full flex-col gap-1 empty:hidden first:pt-[1px]\">\n<div class=\"markdown prose dark:prose-invert w-full break-words dark markdown-new-styling\">\n<ul data-start=\"82\" data-end=\"672\" data-is-last-node=\"\" data-is-only-node=\"\">\n<li data-start=\"82\" data-end=\"200\">\n<p data-start=\"84\" data-end=\"200\"><strong data-start=\"84\" data-end=\"109\">Oja\u010dana konstrukcija:<\/strong> Deblja MDF plo\u010da i \u010deli\u010dne noge s pra\u0161kastim premazom pru\u017eaju stabilnost i dugotrajnost.<\/p>\n<\/li>\n<li data-start=\"201\" data-end=\"324\">\n<p data-start=\"203\" data-end=\"324\"><strong data-start=\"203\" data-end=\"228\">Fleksibilna upotreba:<\/strong> Set od dva stoli\u0107a mo\u017ee se koristiti zajedno ili odvojeno; manji se lako sprema ispod ve\u0107ega.<\/p>\n<\/li>\n<li data-start=\"325\" data-end=\"456\">\n<p data-start=\"327\" data-end=\"456\"><strong data-start=\"327\" data-end=\"358\">Luksuzna imitacija mramora:<\/strong> Sjajna, otporna i ekolo\u0161ki prihvatljiva povr\u0161ina koja je vodootporna i jednostavna za \u010di\u0161\u0107enje.<\/p>\n<\/li>\n<li data-start=\"457\" data-end=\"580\">\n<p data-start=\"459\" data-end=\"580\"><strong data-start=\"459\" data-end=\"491\">Moderan, jednostavan dizajn:<\/strong> Elegantne linije uklapaju se u svaki interijer \u2014 dnevni boravak, lounge ili igraonicu.<\/p>\n<\/li>\n<li data-start=\"581\" data-end=\"672\" data-is-last-node=\"\">\n<p data-start=\"583\" data-end=\"672\" data-is-last-node=\"\"><strong data-start=\"583\" data-end=\"607\">Jednostavna monta\u017ea:<\/strong> Uklju\u010deni alati i jasne upute omogu\u0107uju brzu i laku instalaciju.<\/p>\n<\/li>\n<\/ul>\n<\/div>\n<\/div>\n<\/div>\n<\/div>\n<\/div>\n<\/div>\n<\/article>\n","protected":false},"featured_media":68506,"template":"","meta":{"_acf_changed":false},"product_brand":[],"product_cat":[165],"product_tag":[],"class_list":{"0":"post-68504","1":"product","2":"type-product","3":"status-publish","4":"has-post-thumbnail","6":"product_cat-uncategorized","8":"first","9":"instock","10":"sale","11":"shipping-taxable","12":"purchasable","13":"product-type-simple"},"acf":[],"yoast_head":"<!-- This site is optimized with the Yoast SEO plugin v24.2 - https:\/\/yoast.com\/wordpress\/plugins\/seo\/ -->\n<title>Luksuzni stoli\u0107 za kavu \u2013 Ru\u017ei\u010dasto-zlatni nehr\u0111aju\u0107i \u010delik - Origon EU<\/title>\n<meta name=\"robots\" content=\"index, follow, max-snippet:-1, max-image-preview:large, max-video-preview:-1\" \/>\n<link rel=\"canonical\" href=\"https:\/\/origon-eu.com\/cro\/product\/luksuzni-stolic-za-kavu-ruzicasto-zlatni-nehrdajuci-celik\/\" \/>\n<meta property=\"og:locale\" content=\"hr_HR\" \/>\n<meta property=\"og:type\" content=\"article\" \/>\n<meta property=\"og:title\" content=\"Luksuzni stoli\u0107 za kavu \u2013 Ru\u017ei\u010dasto-zlatni nehr\u0111aju\u0107i \u010delik - Origon EU\" \/>\n<meta property=\"og:description\" content=\"Oja\u010dana konstrukcija: Deblja MDF plo\u010da i \u010deli\u010dne noge s pra\u0161kastim premazom pru\u017eaju stabilnost i dugotrajnost.    Fleksibilna upotreba: Set od dva stoli\u0107a mo\u017ee se koristiti zajedno ili odvojeno; manji se lako sprema ispod ve\u0107ega.    Luksuzna imitacija mramora: Sjajna, otporna i ekolo\u0161ki prihvatljiva povr\u0161ina koja je vodootporna i jednostavna za \u010di\u0161\u0107enje.    Moderan, jednostavan dizajn: Elegantne linije uklapaju se u svaki interijer \u2014 dnevni boravak, lounge ili igraonicu.    Jednostavna monta\u017ea: Uklju\u010deni alati i jasne upute omogu\u0107uju brzu i laku instalaciju.\" \/>\n<meta property=\"og:url\" content=\"https:\/\/origon-eu.com\/cro\/product\/luksuzni-stolic-za-kavu-ruzicasto-zlatni-nehrdajuci-celik\/\" \/>\n<meta property=\"og:site_name\" content=\"Origon EU\" \/>\n<meta property=\"article:modified_time\" content=\"2025-11-25T07:21:29+00:00\" \/>\n<meta property=\"og:image\" content=\"https:\/\/origon-eu.com\/cro\/wp-content\/uploads\/2025\/11\/9199JQv9SHL._AC_SX679_.jpg\" \/>\n\t<meta property=\"og:image:width\" content=\"679\" \/>\n\t<meta property=\"og:image:height\" content=\"679\" \/>\n\t<meta property=\"og:image:type\" content=\"image\/jpeg\" \/>\n<meta name=\"twitter:card\" content=\"summary_large_image\" \/>\n<meta name=\"twitter:label1\" content=\"Procijenjeno vrijeme \u010ditanja\" \/>\n\t<meta name=\"twitter:data1\" content=\"1 minuta\" \/>\n<script type=\"application\/ld+json\" class=\"yoast-schema-graph\">{\"@context\":\"https:\/\/schema.org\",\"@graph\":[{\"@type\":\"WebPage\",\"@id\":\"https:\/\/origon-eu.com\/cro\/product\/luksuzni-stolic-za-kavu-ruzicasto-zlatni-nehrdajuci-celik\/\",\"url\":\"https:\/\/origon-eu.com\/cro\/product\/luksuzni-stolic-za-kavu-ruzicasto-zlatni-nehrdajuci-celik\/\",\"name\":\"Luksuzni stoli\u0107 za kavu \u2013 Ru\u017ei\u010dasto-zlatni nehr\u0111aju\u0107i \u010delik - Origon EU\",\"isPartOf\":{\"@id\":\"https:\/\/origon-eu.com\/cro\/#website\"},\"primaryImageOfPage\":{\"@id\":\"https:\/\/origon-eu.com\/cro\/product\/luksuzni-stolic-za-kavu-ruzicasto-zlatni-nehrdajuci-celik\/#primaryimage\"},\"image\":{\"@id\":\"https:\/\/origon-eu.com\/cro\/product\/luksuzni-stolic-za-kavu-ruzicasto-zlatni-nehrdajuci-celik\/#primaryimage\"},\"thumbnailUrl\":\"https:\/\/origon-eu.com\/cro\/wp-content\/uploads\/2025\/11\/9199JQv9SHL._AC_SX679_.jpg\",\"datePublished\":\"2025-11-20T02:33:33+00:00\",\"dateModified\":\"2025-11-25T07:21:29+00:00\",\"breadcrumb\":{\"@id\":\"https:\/\/origon-eu.com\/cro\/product\/luksuzni-stolic-za-kavu-ruzicasto-zlatni-nehrdajuci-celik\/#breadcrumb\"},\"inLanguage\":\"hr\",\"potentialAction\":[{\"@type\":\"ReadAction\",\"target\":[\"https:\/\/origon-eu.com\/cro\/product\/luksuzni-stolic-za-kavu-ruzicasto-zlatni-nehrdajuci-celik\/\"]}]},{\"@type\":\"ImageObject\",\"inLanguage\":\"hr\",\"@id\":\"https:\/\/origon-eu.com\/cro\/product\/luksuzni-stolic-za-kavu-ruzicasto-zlatni-nehrdajuci-celik\/#primaryimage\",\"url\":\"https:\/\/origon-eu.com\/cro\/wp-content\/uploads\/2025\/11\/9199JQv9SHL._AC_SX679_.jpg\",\"contentUrl\":\"https:\/\/origon-eu.com\/cro\/wp-content\/uploads\/2025\/11\/9199JQv9SHL._AC_SX679_.jpg\",\"width\":679,\"height\":679},{\"@type\":\"BreadcrumbList\",\"@id\":\"https:\/\/origon-eu.com\/cro\/product\/luksuzni-stolic-za-kavu-ruzicasto-zlatni-nehrdajuci-celik\/#breadcrumb\",\"itemListElement\":[{\"@type\":\"ListItem\",\"position\":1,\"name\":\"Home\",\"item\":\"https:\/\/origon-eu.com\/cro\/\"},{\"@type\":\"ListItem\",\"position\":2,\"name\":\"Katalog\",\"item\":\"https:\/\/origon-eu.com\/cro\/hr\/shop-2\/\"},{\"@type\":\"ListItem\",\"position\":3,\"name\":\"Luksuzni stoli\u0107 za kavu \u2013 Ru\u017ei\u010dasto-zlatni nehr\u0111aju\u0107i \u010delik\"}]},{\"@type\":\"WebSite\",\"@id\":\"https:\/\/origon-eu.com\/cro\/#website\",\"url\":\"https:\/\/origon-eu.com\/cro\/\",\"name\":\"Origon EU\",\"description\":\"Online Store\",\"publisher\":{\"@id\":\"https:\/\/origon-eu.com\/cro\/#organization\"},\"potentialAction\":[{\"@type\":\"SearchAction\",\"target\":{\"@type\":\"EntryPoint\",\"urlTemplate\":\"https:\/\/origon-eu.com\/cro\/?s={search_term_string}\"},\"query-input\":{\"@type\":\"PropertyValueSpecification\",\"valueRequired\":true,\"valueName\":\"search_term_string\"}}],\"inLanguage\":\"hr\"},{\"@type\":\"Organization\",\"@id\":\"https:\/\/origon-eu.com\/cro\/#organization\",\"name\":\"Origon EU\",\"url\":\"https:\/\/origon-eu.com\/cro\/\",\"logo\":{\"@type\":\"ImageObject\",\"inLanguage\":\"hr\",\"@id\":\"https:\/\/origon-eu.com\/cro\/#\/schema\/logo\/image\/\",\"url\":\"https:\/\/origon-eu.com\/cro\/wp-content\/uploads\/2024\/04\/Screenshot-2024-04-09-101814.png\",\"contentUrl\":\"https:\/\/origon-eu.com\/cro\/wp-content\/uploads\/2024\/04\/Screenshot-2024-04-09-101814.png\",\"width\":171,\"height\":59,\"caption\":\"Origon EU\"},\"image\":{\"@id\":\"https:\/\/origon-eu.com\/cro\/#\/schema\/logo\/image\/\"}}]}<\/script>\n<!-- \/ Yoast SEO plugin. -->","yoast_head_json":{"title":"Luksuzni stoli\u0107 za kavu \u2013 Ru\u017ei\u010dasto-zlatni nehr\u0111aju\u0107i \u010delik - Origon EU","robots":{"index":"index","follow":"follow","max-snippet":"max-snippet:-1","max-image-preview":"max-image-preview:large","max-video-preview":"max-video-preview:-1"},"canonical":"https:\/\/origon-eu.com\/cro\/product\/luksuzni-stolic-za-kavu-ruzicasto-zlatni-nehrdajuci-celik\/","og_locale":"hr_HR","og_type":"article","og_title":"Luksuzni stoli\u0107 za kavu \u2013 Ru\u017ei\u010dasto-zlatni nehr\u0111aju\u0107i \u010delik - Origon EU","og_description":"Oja\u010dana konstrukcija: Deblja MDF plo\u010da i \u010deli\u010dne noge s pra\u0161kastim premazom pru\u017eaju stabilnost i dugotrajnost.    Fleksibilna upotreba: Set od dva stoli\u0107a mo\u017ee se koristiti zajedno ili odvojeno; manji se lako sprema ispod ve\u0107ega.    Luksuzna imitacija mramora: Sjajna, otporna i ekolo\u0161ki prihvatljiva povr\u0161ina koja je vodootporna i jednostavna za \u010di\u0161\u0107enje.    Moderan, jednostavan dizajn: Elegantne linije uklapaju se u svaki interijer \u2014 dnevni boravak, lounge ili igraonicu.    Jednostavna monta\u017ea: Uklju\u010deni alati i jasne upute omogu\u0107uju brzu i laku instalaciju.","og_url":"https:\/\/origon-eu.com\/cro\/product\/luksuzni-stolic-za-kavu-ruzicasto-zlatni-nehrdajuci-celik\/","og_site_name":"Origon EU","article_modified_time":"2025-11-25T07:21:29+00:00","og_image":[{"width":679,"height":679,"url":"https:\/\/origon-eu.com\/cro\/wp-content\/uploads\/2025\/11\/9199JQv9SHL._AC_SX679_.jpg","type":"image\/jpeg"}],"twitter_card":"summary_large_image","twitter_misc":{"Procijenjeno vrijeme \u010ditanja":"1 minuta"},"schema":{"@context":"https:\/\/schema.org","@graph":[{"@type":"WebPage","@id":"https:\/\/origon-eu.com\/cro\/product\/luksuzni-stolic-za-kavu-ruzicasto-zlatni-nehrdajuci-celik\/","url":"https:\/\/origon-eu.com\/cro\/product\/luksuzni-stolic-za-kavu-ruzicasto-zlatni-nehrdajuci-celik\/","name":"Luksuzni stoli\u0107 za kavu \u2013 Ru\u017ei\u010dasto-zlatni nehr\u0111aju\u0107i \u010delik - Origon EU","isPartOf":{"@id":"https:\/\/origon-eu.com\/cro\/#website"},"primaryImageOfPage":{"@id":"https:\/\/origon-eu.com\/cro\/product\/luksuzni-stolic-za-kavu-ruzicasto-zlatni-nehrdajuci-celik\/#primaryimage"},"image":{"@id":"https:\/\/origon-eu.com\/cro\/product\/luksuzni-stolic-za-kavu-ruzicasto-zlatni-nehrdajuci-celik\/#primaryimage"},"thumbnailUrl":"https:\/\/origon-eu.com\/cro\/wp-content\/uploads\/2025\/11\/9199JQv9SHL._AC_SX679_.jpg","datePublished":"2025-11-20T02:33:33+00:00","dateModified":"2025-11-25T07:21:29+00:00","breadcrumb":{"@id":"https:\/\/origon-eu.com\/cro\/product\/luksuzni-stolic-za-kavu-ruzicasto-zlatni-nehrdajuci-celik\/#breadcrumb"},"inLanguage":"hr","potentialAction":[{"@type":"ReadAction","target":["https:\/\/origon-eu.com\/cro\/product\/luksuzni-stolic-za-kavu-ruzicasto-zlatni-nehrdajuci-celik\/"]}]},{"@type":"ImageObject","inLanguage":"hr","@id":"https:\/\/origon-eu.com\/cro\/product\/luksuzni-stolic-za-kavu-ruzicasto-zlatni-nehrdajuci-celik\/#primaryimage","url":"https:\/\/origon-eu.com\/cro\/wp-content\/uploads\/2025\/11\/9199JQv9SHL._AC_SX679_.jpg","contentUrl":"https:\/\/origon-eu.com\/cro\/wp-content\/uploads\/2025\/11\/9199JQv9SHL._AC_SX679_.jpg","width":679,"height":679},{"@type":"BreadcrumbList","@id":"https:\/\/origon-eu.com\/cro\/product\/luksuzni-stolic-za-kavu-ruzicasto-zlatni-nehrdajuci-celik\/#breadcrumb","itemListElement":[{"@type":"ListItem","position":1,"name":"Home","item":"https:\/\/origon-eu.com\/cro\/"},{"@type":"ListItem","position":2,"name":"Katalog","item":"https:\/\/origon-eu.com\/cro\/hr\/shop-2\/"},{"@type":"ListItem","position":3,"name":"Luksuzni stoli\u0107 za kavu \u2013 Ru\u017ei\u010dasto-zlatni nehr\u0111aju\u0107i \u010delik"}]},{"@type":"WebSite","@id":"https:\/\/origon-eu.com\/cro\/#website","url":"https:\/\/origon-eu.com\/cro\/","name":"Origon EU","description":"Online Store","publisher":{"@id":"https:\/\/origon-eu.com\/cro\/#organization"},"potentialAction":[{"@type":"SearchAction","target":{"@type":"EntryPoint","urlTemplate":"https:\/\/origon-eu.com\/cro\/?s={search_term_string}"},"query-input":{"@type":"PropertyValueSpecification","valueRequired":true,"valueName":"search_term_string"}}],"inLanguage":"hr"},{"@type":"Organization","@id":"https:\/\/origon-eu.com\/cro\/#organization","name":"Origon EU","url":"https:\/\/origon-eu.com\/cro\/","logo":{"@type":"ImageObject","inLanguage":"hr","@id":"https:\/\/origon-eu.com\/cro\/#\/schema\/logo\/image\/","url":"https:\/\/origon-eu.com\/cro\/wp-content\/uploads\/2024\/04\/Screenshot-2024-04-09-101814.png","contentUrl":"https:\/\/origon-eu.com\/cro\/wp-content\/uploads\/2024\/04\/Screenshot-2024-04-09-101814.png","width":171,"height":59,"caption":"Origon EU"},"image":{"@id":"https:\/\/origon-eu.com\/cro\/#\/schema\/logo\/image\/"}}]}},"tiered_pricing_type":"fixed","tiered_pricing_fixed_rules":[],"tiered_pricing_percentage_rules":[],"tiered_pricing_minimum":1,"tiered_pricing_roles_data":[],"_links":{"self":[{"href":"https:\/\/origon-eu.com\/cro\/wp-json\/wp\/v2\/product\/68504","targetHints":{"allow":["GET"]}}],"collection":[{"href":"https:\/\/origon-eu.com\/cro\/wp-json\/wp\/v2\/product"}],"about":[{"href":"https:\/\/origon-eu.com\/cro\/wp-json\/wp\/v2\/types\/product"}],"version-history":[{"count":8,"href":"https:\/\/origon-eu.com\/cro\/wp-json\/wp\/v2\/product\/68504\/revisions"}],"predecessor-version":[{"id":68544,"href":"https:\/\/origon-eu.com\/cro\/wp-json\/wp\/v2\/product\/68504\/revisions\/68544"}],"wp:featuredmedia":[{"embeddable":true,"href":"https:\/\/origon-eu.com\/cro\/wp-json\/wp\/v2\/media\/68506"}],"wp:attachment":[{"href":"https:\/\/origon-eu.com\/cro\/wp-json\/wp\/v2\/media?parent=68504"}],"wp:term":[{"taxonomy":"product_brand","embeddable":true,"href":"https:\/\/origon-eu.com\/cro\/wp-json\/wp\/v2\/product_brand?post=68504"},{"taxonomy":"product_cat","embeddable":true,"href":"https:\/\/origon-eu.com\/cro\/wp-json\/wp\/v2\/product_cat?post=68504"},{"taxonomy":"product_tag","embeddable":true,"href":"https:\/\/origon-eu.com\/cro\/wp-json\/wp\/v2\/product_tag?post=68504"}],"curies":[{"name":"wp","href":"https:\/\/api.w.org\/{rel}","templated":true}]}}