{"id":37262,"date":"2025-03-18T13:58:38","date_gmt":"2025-03-18T11:58:38","guid":{"rendered":"https:\/\/origon-eu.com\/cro\/product\/portable-mini-air-conditioner\/"},"modified":"2025-03-28T11:36:49","modified_gmt":"2025-03-28T09:36:49","slug":"portable-mini-air-conditioner","status":"publish","type":"product","link":"https:\/\/origon-eu.com\/cro\/product\/portable-mini-air-conditioner\/","title":{"rendered":"Prijenosni mini klima ure\u0111aj"},"content":{"rendered":"\t\t<div data-elementor-type=\"product-post\" data-elementor-id=\"37262\" class=\"elementor elementor-37262\" data-elementor-post-type=\"product\">\n\t\t\t\t<div class=\"elementor-element elementor-element-2b52c8c3 e-con-full wd-section-stretch e-flex e-con e-parent\" data-id=\"2b52c8c3\" data-element_type=\"container\">\n\t\t\t\t<div class=\"elementor-element elementor-element-12a51d20 elementor-widget elementor-widget-image-carousel\" data-id=\"12a51d20\" data-element_type=\"widget\" data-settings=\"{&quot;slides_to_show&quot;:&quot;5&quot;,&quot;navigation&quot;:&quot;none&quot;,&quot;image_spacing_custom&quot;:{&quot;unit&quot;:&quot;px&quot;,&quot;size&quot;:&quot;11&quot;,&quot;sizes&quot;:[]},&quot;autoplay_speed&quot;:&quot;3000&quot;,&quot;slides_to_show_mobile&quot;:&quot;2&quot;,&quot;slides_to_scroll_mobile&quot;:&quot;2&quot;,&quot;autoplay&quot;:&quot;yes&quot;,&quot;pause_on_hover&quot;:&quot;yes&quot;,&quot;pause_on_interaction&quot;:&quot;yes&quot;,&quot;infinite&quot;:&quot;yes&quot;,&quot;speed&quot;:500,&quot;image_spacing_custom_tablet&quot;:{&quot;unit&quot;:&quot;px&quot;,&quot;size&quot;:&quot;&quot;,&quot;sizes&quot;:[]},&quot;image_spacing_custom_mobile&quot;:{&quot;unit&quot;:&quot;px&quot;,&quot;size&quot;:&quot;&quot;,&quot;sizes&quot;:[]}}\" data-widget_type=\"image-carousel.default\">\n\t\t\t\t<div class=\"elementor-widget-container\">\n\t\t\t\t\t\t\t<div class=\"elementor-image-carousel-wrapper swiper\" role=\"region\" aria-roledescription=\"carousel\" aria-label=\"Image Carousel\" dir=\"ltr\">\n\t\t\t<div class=\"elementor-image-carousel swiper-wrapper\" aria-live=\"off\">\n\t\t\t\t\t\t\t\t<div class=\"swiper-slide\" role=\"group\" aria-roledescription=\"slide\" aria-label=\"1 of 8\"><figure class=\"swiper-slide-inner\"><img decoding=\"async\" class=\"swiper-slide-image\" src=\"https:\/\/origon-eu.com\/cro\/wp-content\/uploads\/2025\/03\/leto-1024x1024.jpg\" alt=\"leto\" \/><\/figure><\/div><div class=\"swiper-slide\" role=\"group\" aria-roledescription=\"slide\" aria-label=\"2 of 8\"><figure class=\"swiper-slide-inner\"><img decoding=\"async\" class=\"swiper-slide-image\" src=\"https:\/\/origon-eu.com\/cro\/wp-content\/uploads\/2025\/03\/wh-1-1024x1024.jpg\" alt=\"wh\" \/><\/figure><\/div><div class=\"swiper-slide\" role=\"group\" aria-roledescription=\"slide\" aria-label=\"3 of 8\"><figure class=\"swiper-slide-inner\"><img decoding=\"async\" class=\"swiper-slide-image\" src=\"https:\/\/origon-eu.com\/cro\/wp-content\/uploads\/2025\/03\/izgled-1024x1024.jpg\" alt=\"izgled\" \/><\/figure><\/div><div class=\"swiper-slide\" role=\"group\" aria-roledescription=\"slide\" aria-label=\"4 of 8\"><figure class=\"swiper-slide-inner\"><img decoding=\"async\" class=\"swiper-slide-image\" src=\"https:\/\/origon-eu.com\/cro\/wp-content\/uploads\/2025\/03\/voda-1024x1024.jpg\" alt=\"voda\" \/><\/figure><\/div><div class=\"swiper-slide\" role=\"group\" aria-roledescription=\"slide\" aria-label=\"5 of 8\"><figure class=\"swiper-slide-inner\"><img decoding=\"async\" class=\"swiper-slide-image\" src=\"https:\/\/origon-eu.com\/cro\/wp-content\/uploads\/2025\/03\/opis-zvuk-1024x1024.jpg\" alt=\"opis zvuk\" \/><\/figure><\/div><div class=\"swiper-slide\" role=\"group\" aria-roledescription=\"slide\" aria-label=\"6 of 8\"><figure class=\"swiper-slide-inner\"><img decoding=\"async\" class=\"swiper-slide-image\" src=\"https:\/\/origon-eu.com\/cro\/wp-content\/uploads\/2025\/03\/motor-1024x1024.jpg\" alt=\"motor\" \/><\/figure><\/div><div class=\"swiper-slide\" role=\"group\" aria-roledescription=\"slide\" aria-label=\"7 of 8\"><figure class=\"swiper-slide-inner\"><img decoding=\"async\" class=\"swiper-slide-image\" src=\"https:\/\/origon-eu.com\/cro\/wp-content\/uploads\/2025\/03\/boja-1024x1024.jpg\" alt=\"boja\" \/><\/figure><\/div><div class=\"swiper-slide\" role=\"group\" aria-roledescription=\"slide\" aria-label=\"8 of 8\"><figure class=\"swiper-slide-inner\"><img decoding=\"async\" class=\"swiper-slide-image\" src=\"https:\/\/origon-eu.com\/cro\/wp-content\/uploads\/2025\/03\/a4-list-1024x1024.jpg\" alt=\"a4 list\" \/><\/figure><\/div>\t\t\t<\/div>\n\t\t\t\t\t\t\t\n\t\t\t\t\t\t\t\t\t<\/div>\n\t\t\t\t\t\t<\/div>\n\t\t\t\t<\/div>\n\t\t\t\t<\/div>\n\t\t<div class=\"elementor-element elementor-element-18df4d5e wd-section-stretch e-flex e-con-boxed e-con e-parent\" data-id=\"18df4d5e\" data-element_type=\"container\">\n\t\t\t\t\t<div class=\"e-con-inner\">\n\t\t<div class=\"elementor-element elementor-element-26668b36 e-con-full wd-sticky-offset-50  wd-sticky-container-yes e-flex e-con e-child\" data-id=\"26668b36\" data-element_type=\"container\">\n\t\t\t\t<div class=\"elementor-element elementor-element-65fdd688 elementor-widget elementor-widget-image\" data-id=\"65fdd688\" data-element_type=\"widget\" data-settings=\"{&quot;motion_fx_motion_fx_scrolling&quot;:&quot;yes&quot;,&quot;motion_fx_devices&quot;:[&quot;desktop&quot;,&quot;tablet&quot;,&quot;mobile&quot;]}\" data-widget_type=\"image.default\">\n\t\t\t\t<div class=\"elementor-widget-container\">\n\t\t\t\t\t\t\t\t\t\t\t\t\t\t\t<img fetchpriority=\"high\" decoding=\"async\" width=\"960\" height=\"1766\" src=\"https:\/\/origon-eu.com\/cro\/wp-content\/uploads\/2025\/03\/Sa8f4e469ef504ae2b942afe2efaa410fa.jpg\" class=\"attachment-full size-full wp-image-37120\" alt=\"\" srcset=\"https:\/\/origon-eu.com\/cro\/wp-content\/uploads\/2025\/03\/Sa8f4e469ef504ae2b942afe2efaa410fa.jpg 960w, https:\/\/origon-eu.com\/cro\/wp-content\/uploads\/2025\/03\/Sa8f4e469ef504ae2b942afe2efaa410fa-163x300.jpg 163w, https:\/\/origon-eu.com\/cro\/wp-content\/uploads\/2025\/03\/Sa8f4e469ef504ae2b942afe2efaa410fa-557x1024.jpg 557w, https:\/\/origon-eu.com\/cro\/wp-content\/uploads\/2025\/03\/Sa8f4e469ef504ae2b942afe2efaa410fa-768x1413.jpg 768w, https:\/\/origon-eu.com\/cro\/wp-content\/uploads\/2025\/03\/Sa8f4e469ef504ae2b942afe2efaa410fa-835x1536.jpg 835w, https:\/\/origon-eu.com\/cro\/wp-content\/uploads\/2025\/03\/Sa8f4e469ef504ae2b942afe2efaa410fa-600x1104.jpg 600w, https:\/\/origon-eu.com\/cro\/wp-content\/uploads\/2025\/03\/Sa8f4e469ef504ae2b942afe2efaa410fa-150x276.jpg 150w\" sizes=\"(max-width: 960px) 100vw, 960px\" \/>\t\t\t\t\t\t\t\t\t\t\t\t\t\t\t<\/div>\n\t\t\t\t<\/div>\n\t\t\t\t<\/div>\n\t\t<div class=\"elementor-element elementor-element-1513f385 e-con-full e-flex e-con e-child\" data-id=\"1513f385\" data-element_type=\"container\">\n\t\t\t\t<div class=\"elementor-element elementor-element-114faabc elementor-widget elementor-widget-heading\" data-id=\"114faabc\" data-element_type=\"widget\" data-widget_type=\"heading.default\">\n\t\t\t\t<div class=\"elementor-widget-container\">\n\t\t\t\t\t<h2 class=\"elementor-heading-title elementor-size-default\">Ventilator vodene magle<\/h2>\t\t\t\t<\/div>\n\t\t\t\t<\/div>\n\t\t\t\t<div class=\"elementor-element elementor-element-67e752a2 color-scheme-inherit text-left elementor-widget elementor-widget-text-editor\" data-id=\"67e752a2\" data-element_type=\"widget\" data-widget_type=\"text-editor.default\">\n\t\t\t\t<div class=\"elementor-widget-container\">\n\t\t\t\t\t\t\t\t\t<h4 class=\"detail-desc-decorate-title\">Zna\u010dajke<br \/>1. Ovaj je proizvod izra\u0111en od visokokvalitetnog ABS materijala, elegantnog izgleda i izdr\u017eljivosti. Struktura ovih ventilatora je jedinstvena.<br \/>2. Pouzdana izvedba, koja je potpuno funkcionalna i jednostavna za rukovanje. Profesionalni prijenosni ventilator integriranog dizajna, jednostavnog izgleda i \u010dvrste strukture.<br \/>3. Dugi vijek trajanja, niska razina buke, ultratanak izgled.<br \/>4. Mo\u017ee se napajati putem USB-a.<br \/>5. Odijelo za kampiranje na otvorenom Studentski stol Putovanje ku\u0107i i uredu.<br \/>Tehni\u010dki podaci<br \/>Materijal: ABS<br \/>Brzina: tre\u0107i stupanj brzine vjetra<br \/>Boja svjetla: vi\u0161ebojna<br \/>Kapacitet rezervoara za vodu: 300m<br \/>Paket uklju\u010den<br \/>1x ventilator.<br \/>1x kabel.<\/h4>\t\t\t\t\t\t\t\t<\/div>\n\t\t\t\t<\/div>\n\t\t\t\t<div class=\"elementor-element elementor-element-acd842a elementor-widget-divider--view-line elementor-widget elementor-widget-divider\" data-id=\"acd842a\" data-element_type=\"widget\" data-widget_type=\"divider.default\">\n\t\t\t\t<div class=\"elementor-widget-container\">\n\t\t\t\t\t\t\t<div class=\"elementor-divider\">\n\t\t\t<span class=\"elementor-divider-separator\">\n\t\t\t\t\t\t<\/span>\n\t\t<\/div>\n\t\t\t\t\t\t<\/div>\n\t\t\t\t<\/div>\n\t\t\t\t<div class=\"elementor-element elementor-element-5f89de2c elementor-widget elementor-widget-wd_button\" data-id=\"5f89de2c\" data-element_type=\"widget\" data-widget_type=\"wd_button.default\">\n\t\t\t\t<div class=\"elementor-widget-container\">\n\t\t\t\t\t\t\t<div class=\"wd-button-wrapper text-center\" >\n\t\t\t<a class=\"btn btn-style-default btn-shape-rectangle btn-size-small btn-full-width btn-icon-pos-right\"  href=\"#buynow\">\n\t\t\t\t<span class=\"wd-btn-text\" data-elementor-setting-key=\"text\">\n\t\t\t\t\tBUY NOW\t\t\t\t<\/span>\n\n\t\t\t\t\t\t\t<\/a>\n\t\t<\/div>\n\t\t\t\t\t\t<\/div>\n\t\t\t\t<\/div>\n\t\t\t\t<\/div>\n\t\t\t\t\t<\/div>\n\t\t\t\t<\/div>\n\t\t<div class=\"elementor-element elementor-element-3a3c9e47 wd-section-stretch e-con-full e-flex e-con e-parent\" data-id=\"3a3c9e47\" data-element_type=\"container\">\n\t\t\t\t<div class=\"elementor-element elementor-element-324c1d8f elementor-widget elementor-widget-shortcode\" data-id=\"324c1d8f\" data-element_type=\"widget\" data-widget_type=\"shortcode.default\">\n\t\t\t\t<div class=\"elementor-widget-container\">\n\t\t\t\t\t\t\t<div class=\"elementor-shortcode\"><\/div>\n\t\t\t\t\t\t<\/div>\n\t\t\t\t<\/div>\n\t\t\t\t<\/div>\n\t\t<div class=\"wd-negative-gap elementor-element elementor-element-642b4661 e-flex e-con-boxed e-con e-parent\" data-id=\"642b4661\" data-element_type=\"container\">\n\t\t\t\t\t<div class=\"e-con-inner\">\n\t\t\t\t<div class=\"elementor-element elementor-element-71113fec elementor-widget elementor-widget-wd_image_or_svg\" data-id=\"71113fec\" data-element_type=\"widget\" data-widget_type=\"wd_image_or_svg.default\">\n\t\t\t\t<div class=\"elementor-widget-container\">\n\t\t\t\t\t\n\t\t<div class=\"wd-image text-left\">\n\t\t\t\t\t\t\t\t<img decoding=\"async\" width=\"1080\" height=\"1080\" src=\"https:\/\/origon-eu.com\/cro\/wp-content\/uploads\/2025\/03\/opis-zvuk.jpg\" class=\"attachment-full size-full\" alt=\"\" srcset=\"https:\/\/origon-eu.com\/cro\/wp-content\/uploads\/2025\/03\/opis-zvuk.jpg 1080w, https:\/\/origon-eu.com\/cro\/wp-content\/uploads\/2025\/03\/opis-zvuk-300x300.jpg 300w, https:\/\/origon-eu.com\/cro\/wp-content\/uploads\/2025\/03\/opis-zvuk-1024x1024.jpg 1024w, https:\/\/origon-eu.com\/cro\/wp-content\/uploads\/2025\/03\/opis-zvuk-150x150.jpg 150w, https:\/\/origon-eu.com\/cro\/wp-content\/uploads\/2025\/03\/opis-zvuk-768x768.jpg 768w, https:\/\/origon-eu.com\/cro\/wp-content\/uploads\/2025\/03\/opis-zvuk-600x600.jpg 600w\" sizes=\"(max-width: 1080px) 100vw, 1080px\" \/>\t\t\t\t\t<\/div>\n\n\t\t\t\t\t\t<\/div>\n\t\t\t\t<\/div>\n\t\t\t\t<div class=\"elementor-element elementor-element-6dc0e324 elementor-widget elementor-widget-wd_image_or_svg\" data-id=\"6dc0e324\" data-element_type=\"widget\" data-widget_type=\"wd_image_or_svg.default\">\n\t\t\t\t<div class=\"elementor-widget-container\">\n\t\t\t\t\t\n\t\t<div class=\"wd-image text-left\">\n\t\t\t\t\t\t\t\t<img decoding=\"async\" width=\"1080\" height=\"1080\" src=\"https:\/\/origon-eu.com\/cro\/wp-content\/uploads\/2025\/03\/motor.jpg\" class=\"attachment-full size-full\" alt=\"\" srcset=\"https:\/\/origon-eu.com\/cro\/wp-content\/uploads\/2025\/03\/motor.jpg 1080w, https:\/\/origon-eu.com\/cro\/wp-content\/uploads\/2025\/03\/motor-300x300.jpg 300w, https:\/\/origon-eu.com\/cro\/wp-content\/uploads\/2025\/03\/motor-1024x1024.jpg 1024w, https:\/\/origon-eu.com\/cro\/wp-content\/uploads\/2025\/03\/motor-150x150.jpg 150w, https:\/\/origon-eu.com\/cro\/wp-content\/uploads\/2025\/03\/motor-768x768.jpg 768w, https:\/\/origon-eu.com\/cro\/wp-content\/uploads\/2025\/03\/motor-600x600.jpg 600w\" sizes=\"(max-width: 1080px) 100vw, 1080px\" \/>\t\t\t\t\t<\/div>\n\n\t\t\t\t\t\t<\/div>\n\t\t\t\t<\/div>\n\t\t\t\t<div class=\"elementor-element elementor-element-763f37d elementor-widget elementor-widget-wd_text_block\" data-id=\"763f37d\" data-element_type=\"widget\" data-widget_type=\"wd_text_block.default\">\n\t\t\t\t<div class=\"elementor-widget-container\">\n\t\t\t\t\t\t\t<div class=\"wd-text-block reset-last-child text-left\">\n\t\t\t\n\t\t\t\n\t\t\t\t\t<\/div>\n\t\t\t\t\t\t<\/div>\n\t\t\t\t<\/div>\n\t\t\t\t<div class=\"elementor-element elementor-element-1cfdd8f1 elementor-widget elementor-widget-wd_image_or_svg\" data-id=\"1cfdd8f1\" data-element_type=\"widget\" data-widget_type=\"wd_image_or_svg.default\">\n\t\t\t\t<div class=\"elementor-widget-container\">\n\t\t\t\t\t\n\t\t<div class=\"wd-image text-left\">\n\t\t\t\t\t\t\t\t<img loading=\"lazy\" decoding=\"async\" width=\"1080\" height=\"1080\" src=\"https:\/\/origon-eu.com\/cro\/wp-content\/uploads\/2025\/03\/boja.jpg\" class=\"attachment-full size-full\" alt=\"\" srcset=\"https:\/\/origon-eu.com\/cro\/wp-content\/uploads\/2025\/03\/boja.jpg 1080w, https:\/\/origon-eu.com\/cro\/wp-content\/uploads\/2025\/03\/boja-300x300.jpg 300w, https:\/\/origon-eu.com\/cro\/wp-content\/uploads\/2025\/03\/boja-1024x1024.jpg 1024w, https:\/\/origon-eu.com\/cro\/wp-content\/uploads\/2025\/03\/boja-150x150.jpg 150w, https:\/\/origon-eu.com\/cro\/wp-content\/uploads\/2025\/03\/boja-768x768.jpg 768w, https:\/\/origon-eu.com\/cro\/wp-content\/uploads\/2025\/03\/boja-600x600.jpg 600w\" sizes=\"(max-width: 1080px) 100vw, 1080px\" \/>\t\t\t\t\t<\/div>\n\n\t\t\t\t\t\t<\/div>\n\t\t\t\t<\/div>\n\t\t\t\t\t<\/div>\n\t\t\t\t<\/div>\n\t\t\t\t<\/div>\n\t\t","protected":false},"excerpt":{"rendered":"<ul>\n<li data-start=\"0\" data-end=\"128\"><strong>Kompaktan i prijenosan:<\/strong> Ovaj mini ventilator klima ure\u0111aja savr\u0161en je za osobno hla\u0111enje, idealan za stolna ra\u010dunala, domove ili urede.<\/li>\n<li data-start=\"0\" data-end=\"128\"><strong>Prakti\u010dnost s USB napajanjem:<\/strong> Lako se napaja putem USB-a, \u0161to ga \u010dini savr\u0161enim za putovanja ili kori\u0161tenje za va\u0161im stolom bez potrebe za uti\u010dnicom.<\/li>\n<li data-start=\"0\" data-end=\"128\"><strong>Hla\u0111enje i osvje\u017eenje:<\/strong> ima funkciju raspr\u0161ivanja vode za dodatno hla\u0111enje i vla\u017enost, odr\u017eavaju\u0107i zrak svje\u017eim i ugodnim.<\/li>\n<li data-start=\"0\" data-end=\"128\"><strong>Tihi rad:<\/strong> u\u017eivajte u tihom iskustvu hla\u0111enja s ovim mini ventilatorom, savr\u0161enim za mirna okru\u017eenja poput spava\u0107ih soba ili radnih prostora.<\/li>\n<li data-start=\"0\" data-end=\"128\"><strong>Energetski u\u010dinkovit dizajn:<\/strong> Niska potro\u0161nja energije uz u\u010dinkovito hla\u0111enje va\u0161eg prostora, nude\u0107i ekolo\u0161ki prihvatljivo i tro\u0161kovno u\u010dinkovito rje\u0161enje.<\/li>\n<\/ul>\n","protected":false},"featured_media":37021,"template":"","meta":{"_acf_changed":false},"product_brand":[],"product_cat":[248],"product_tag":[],"class_list":{"0":"post-37262","1":"product","2":"type-product","3":"status-publish","4":"has-post-thumbnail","6":"product_cat-elektronika","8":"first","9":"instock","10":"sale","11":"shipping-taxable","12":"purchasable","13":"product-type-simple"},"acf":[],"yoast_head":"<!-- This site is optimized with the Yoast SEO plugin v24.2 - https:\/\/yoast.com\/wordpress\/plugins\/seo\/ -->\n<title>Prijenosni mini klima ure\u0111aj - Origon EU<\/title>\n<meta name=\"robots\" content=\"index, follow, max-snippet:-1, max-image-preview:large, max-video-preview:-1\" \/>\n<link rel=\"canonical\" href=\"https:\/\/origon-eu.com\/cro\/product\/portable-mini-air-conditioner\/\" \/>\n<meta property=\"og:locale\" content=\"hr_HR\" \/>\n<meta property=\"og:type\" content=\"article\" \/>\n<meta property=\"og:title\" content=\"Prijenosni mini klima ure\u0111aj - Origon EU\" \/>\n<meta property=\"og:description\" content=\"Kompaktan i prijenosan: Ovaj mini ventilator klima ure\u0111aja savr\u0161en je za osobno hla\u0111enje, idealan za stolna ra\u010dunala, domove ili urede.  Prakti\u010dnost s USB napajanjem: Lako se napaja putem USB-a, \u0161to ga \u010dini savr\u0161enim za putovanja ili kori\u0161tenje za va\u0161im stolom bez potrebe za uti\u010dnicom.  Hla\u0111enje i osvje\u017eenje: ima funkciju raspr\u0161ivanja vode za dodatno hla\u0111enje i vla\u017enost, odr\u017eavaju\u0107i zrak svje\u017eim i ugodnim.  Tihi rad: u\u017eivajte u tihom iskustvu hla\u0111enja s ovim mini ventilatorom, savr\u0161enim za mirna okru\u017eenja poput spava\u0107ih soba ili radnih prostora.  Energetski u\u010dinkovit dizajn: Niska potro\u0161nja energije uz u\u010dinkovito hla\u0111enje va\u0161eg prostora, nude\u0107i ekolo\u0161ki prihvatljivo i tro\u0161kovno u\u010dinkovito rje\u0161enje.\" \/>\n<meta property=\"og:url\" content=\"https:\/\/origon-eu.com\/cro\/product\/portable-mini-air-conditioner\/\" \/>\n<meta property=\"og:site_name\" content=\"Origon EU\" \/>\n<meta property=\"article:modified_time\" content=\"2025-03-28T09:36:49+00:00\" \/>\n<meta property=\"og:image\" content=\"https:\/\/origon-eu.com\/cro\/wp-content\/uploads\/2025\/03\/11111a8687b0ff1ar.jpg_960x960q75.jpg_.webp\" \/>\n\t<meta property=\"og:image:width\" content=\"960\" \/>\n\t<meta property=\"og:image:height\" content=\"960\" \/>\n\t<meta property=\"og:image:type\" content=\"image\/webp\" \/>\n<meta name=\"twitter:card\" content=\"summary_large_image\" \/>\n<meta name=\"twitter:label1\" content=\"Procijenjeno vrijeme \u010ditanja\" \/>\n\t<meta name=\"twitter:data1\" content=\"4 minute\" \/>\n<script type=\"application\/ld+json\" class=\"yoast-schema-graph\">{\"@context\":\"https:\/\/schema.org\",\"@graph\":[{\"@type\":\"WebPage\",\"@id\":\"https:\/\/origon-eu.com\/cro\/product\/portable-mini-air-conditioner\/\",\"url\":\"https:\/\/origon-eu.com\/cro\/product\/portable-mini-air-conditioner\/\",\"name\":\"Prijenosni mini klima ure\u0111aj - Origon EU\",\"isPartOf\":{\"@id\":\"https:\/\/origon-eu.com\/cro\/#website\"},\"primaryImageOfPage\":{\"@id\":\"https:\/\/origon-eu.com\/cro\/product\/portable-mini-air-conditioner\/#primaryimage\"},\"image\":{\"@id\":\"https:\/\/origon-eu.com\/cro\/product\/portable-mini-air-conditioner\/#primaryimage\"},\"thumbnailUrl\":\"https:\/\/origon-eu.com\/cro\/wp-content\/uploads\/2025\/03\/11111a8687b0ff1ar.jpg_960x960q75.jpg_.webp\",\"datePublished\":\"2025-03-18T11:58:38+00:00\",\"dateModified\":\"2025-03-28T09:36:49+00:00\",\"breadcrumb\":{\"@id\":\"https:\/\/origon-eu.com\/cro\/product\/portable-mini-air-conditioner\/#breadcrumb\"},\"inLanguage\":\"hr\",\"potentialAction\":[{\"@type\":\"ReadAction\",\"target\":[\"https:\/\/origon-eu.com\/cro\/product\/portable-mini-air-conditioner\/\"]}]},{\"@type\":\"ImageObject\",\"inLanguage\":\"hr\",\"@id\":\"https:\/\/origon-eu.com\/cro\/product\/portable-mini-air-conditioner\/#primaryimage\",\"url\":\"https:\/\/origon-eu.com\/cro\/wp-content\/uploads\/2025\/03\/11111a8687b0ff1ar.jpg_960x960q75.jpg_.webp\",\"contentUrl\":\"https:\/\/origon-eu.com\/cro\/wp-content\/uploads\/2025\/03\/11111a8687b0ff1ar.jpg_960x960q75.jpg_.webp\",\"width\":960,\"height\":960},{\"@type\":\"BreadcrumbList\",\"@id\":\"https:\/\/origon-eu.com\/cro\/product\/portable-mini-air-conditioner\/#breadcrumb\",\"itemListElement\":[{\"@type\":\"ListItem\",\"position\":1,\"name\":\"Home\",\"item\":\"https:\/\/origon-eu.com\/cro\/\"},{\"@type\":\"ListItem\",\"position\":2,\"name\":\"Katalog\",\"item\":\"https:\/\/origon-eu.com\/cro\/hr\/shop-2\/\"},{\"@type\":\"ListItem\",\"position\":3,\"name\":\"Prijenosni mini klima ure\u0111aj\"}]},{\"@type\":\"WebSite\",\"@id\":\"https:\/\/origon-eu.com\/cro\/#website\",\"url\":\"https:\/\/origon-eu.com\/cro\/\",\"name\":\"Origon EU\",\"description\":\"Online Store\",\"publisher\":{\"@id\":\"https:\/\/origon-eu.com\/cro\/#organization\"},\"potentialAction\":[{\"@type\":\"SearchAction\",\"target\":{\"@type\":\"EntryPoint\",\"urlTemplate\":\"https:\/\/origon-eu.com\/cro\/?s={search_term_string}\"},\"query-input\":{\"@type\":\"PropertyValueSpecification\",\"valueRequired\":true,\"valueName\":\"search_term_string\"}}],\"inLanguage\":\"hr\"},{\"@type\":\"Organization\",\"@id\":\"https:\/\/origon-eu.com\/cro\/#organization\",\"name\":\"Origon EU\",\"url\":\"https:\/\/origon-eu.com\/cro\/\",\"logo\":{\"@type\":\"ImageObject\",\"inLanguage\":\"hr\",\"@id\":\"https:\/\/origon-eu.com\/cro\/#\/schema\/logo\/image\/\",\"url\":\"https:\/\/origon-eu.com\/cro\/wp-content\/uploads\/2024\/04\/Screenshot-2024-04-09-101814.png\",\"contentUrl\":\"https:\/\/origon-eu.com\/cro\/wp-content\/uploads\/2024\/04\/Screenshot-2024-04-09-101814.png\",\"width\":171,\"height\":59,\"caption\":\"Origon EU\"},\"image\":{\"@id\":\"https:\/\/origon-eu.com\/cro\/#\/schema\/logo\/image\/\"}}]}<\/script>\n<!-- \/ Yoast SEO plugin. -->","yoast_head_json":{"title":"Prijenosni mini klima ure\u0111aj - Origon EU","robots":{"index":"index","follow":"follow","max-snippet":"max-snippet:-1","max-image-preview":"max-image-preview:large","max-video-preview":"max-video-preview:-1"},"canonical":"https:\/\/origon-eu.com\/cro\/product\/portable-mini-air-conditioner\/","og_locale":"hr_HR","og_type":"article","og_title":"Prijenosni mini klima ure\u0111aj - Origon EU","og_description":"Kompaktan i prijenosan: Ovaj mini ventilator klima ure\u0111aja savr\u0161en je za osobno hla\u0111enje, idealan za stolna ra\u010dunala, domove ili urede.  Prakti\u010dnost s USB napajanjem: Lako se napaja putem USB-a, \u0161to ga \u010dini savr\u0161enim za putovanja ili kori\u0161tenje za va\u0161im stolom bez potrebe za uti\u010dnicom.  Hla\u0111enje i osvje\u017eenje: ima funkciju raspr\u0161ivanja vode za dodatno hla\u0111enje i vla\u017enost, odr\u017eavaju\u0107i zrak svje\u017eim i ugodnim.  Tihi rad: u\u017eivajte u tihom iskustvu hla\u0111enja s ovim mini ventilatorom, savr\u0161enim za mirna okru\u017eenja poput spava\u0107ih soba ili radnih prostora.  Energetski u\u010dinkovit dizajn: Niska potro\u0161nja energije uz u\u010dinkovito hla\u0111enje va\u0161eg prostora, nude\u0107i ekolo\u0161ki prihvatljivo i tro\u0161kovno u\u010dinkovito rje\u0161enje.","og_url":"https:\/\/origon-eu.com\/cro\/product\/portable-mini-air-conditioner\/","og_site_name":"Origon EU","article_modified_time":"2025-03-28T09:36:49+00:00","og_image":[{"width":960,"height":960,"url":"https:\/\/origon-eu.com\/cro\/wp-content\/uploads\/2025\/03\/11111a8687b0ff1ar.jpg_960x960q75.jpg_.webp","type":"image\/webp"}],"twitter_card":"summary_large_image","twitter_misc":{"Procijenjeno vrijeme \u010ditanja":"4 minute"},"schema":{"@context":"https:\/\/schema.org","@graph":[{"@type":"WebPage","@id":"https:\/\/origon-eu.com\/cro\/product\/portable-mini-air-conditioner\/","url":"https:\/\/origon-eu.com\/cro\/product\/portable-mini-air-conditioner\/","name":"Prijenosni mini klima ure\u0111aj - Origon EU","isPartOf":{"@id":"https:\/\/origon-eu.com\/cro\/#website"},"primaryImageOfPage":{"@id":"https:\/\/origon-eu.com\/cro\/product\/portable-mini-air-conditioner\/#primaryimage"},"image":{"@id":"https:\/\/origon-eu.com\/cro\/product\/portable-mini-air-conditioner\/#primaryimage"},"thumbnailUrl":"https:\/\/origon-eu.com\/cro\/wp-content\/uploads\/2025\/03\/11111a8687b0ff1ar.jpg_960x960q75.jpg_.webp","datePublished":"2025-03-18T11:58:38+00:00","dateModified":"2025-03-28T09:36:49+00:00","breadcrumb":{"@id":"https:\/\/origon-eu.com\/cro\/product\/portable-mini-air-conditioner\/#breadcrumb"},"inLanguage":"hr","potentialAction":[{"@type":"ReadAction","target":["https:\/\/origon-eu.com\/cro\/product\/portable-mini-air-conditioner\/"]}]},{"@type":"ImageObject","inLanguage":"hr","@id":"https:\/\/origon-eu.com\/cro\/product\/portable-mini-air-conditioner\/#primaryimage","url":"https:\/\/origon-eu.com\/cro\/wp-content\/uploads\/2025\/03\/11111a8687b0ff1ar.jpg_960x960q75.jpg_.webp","contentUrl":"https:\/\/origon-eu.com\/cro\/wp-content\/uploads\/2025\/03\/11111a8687b0ff1ar.jpg_960x960q75.jpg_.webp","width":960,"height":960},{"@type":"BreadcrumbList","@id":"https:\/\/origon-eu.com\/cro\/product\/portable-mini-air-conditioner\/#breadcrumb","itemListElement":[{"@type":"ListItem","position":1,"name":"Home","item":"https:\/\/origon-eu.com\/cro\/"},{"@type":"ListItem","position":2,"name":"Katalog","item":"https:\/\/origon-eu.com\/cro\/hr\/shop-2\/"},{"@type":"ListItem","position":3,"name":"Prijenosni mini klima ure\u0111aj"}]},{"@type":"WebSite","@id":"https:\/\/origon-eu.com\/cro\/#website","url":"https:\/\/origon-eu.com\/cro\/","name":"Origon EU","description":"Online Store","publisher":{"@id":"https:\/\/origon-eu.com\/cro\/#organization"},"potentialAction":[{"@type":"SearchAction","target":{"@type":"EntryPoint","urlTemplate":"https:\/\/origon-eu.com\/cro\/?s={search_term_string}"},"query-input":{"@type":"PropertyValueSpecification","valueRequired":true,"valueName":"search_term_string"}}],"inLanguage":"hr"},{"@type":"Organization","@id":"https:\/\/origon-eu.com\/cro\/#organization","name":"Origon EU","url":"https:\/\/origon-eu.com\/cro\/","logo":{"@type":"ImageObject","inLanguage":"hr","@id":"https:\/\/origon-eu.com\/cro\/#\/schema\/logo\/image\/","url":"https:\/\/origon-eu.com\/cro\/wp-content\/uploads\/2024\/04\/Screenshot-2024-04-09-101814.png","contentUrl":"https:\/\/origon-eu.com\/cro\/wp-content\/uploads\/2024\/04\/Screenshot-2024-04-09-101814.png","width":171,"height":59,"caption":"Origon EU"},"image":{"@id":"https:\/\/origon-eu.com\/cro\/#\/schema\/logo\/image\/"}}]}},"tiered_pricing_type":"fixed","tiered_pricing_fixed_rules":[],"tiered_pricing_percentage_rules":[],"tiered_pricing_minimum":1,"tiered_pricing_roles_data":[],"_links":{"self":[{"href":"https:\/\/origon-eu.com\/cro\/wp-json\/wp\/v2\/product\/37262","targetHints":{"allow":["GET"]}}],"collection":[{"href":"https:\/\/origon-eu.com\/cro\/wp-json\/wp\/v2\/product"}],"about":[{"href":"https:\/\/origon-eu.com\/cro\/wp-json\/wp\/v2\/types\/product"}],"version-history":[{"count":7,"href":"https:\/\/origon-eu.com\/cro\/wp-json\/wp\/v2\/product\/37262\/revisions"}],"predecessor-version":[{"id":37270,"href":"https:\/\/origon-eu.com\/cro\/wp-json\/wp\/v2\/product\/37262\/revisions\/37270"}],"wp:featuredmedia":[{"embeddable":true,"href":"https:\/\/origon-eu.com\/cro\/wp-json\/wp\/v2\/media\/37021"}],"wp:attachment":[{"href":"https:\/\/origon-eu.com\/cro\/wp-json\/wp\/v2\/media?parent=37262"}],"wp:term":[{"taxonomy":"product_brand","embeddable":true,"href":"https:\/\/origon-eu.com\/cro\/wp-json\/wp\/v2\/product_brand?post=37262"},{"taxonomy":"product_cat","embeddable":true,"href":"https:\/\/origon-eu.com\/cro\/wp-json\/wp\/v2\/product_cat?post=37262"},{"taxonomy":"product_tag","embeddable":true,"href":"https:\/\/origon-eu.com\/cro\/wp-json\/wp\/v2\/product_tag?post=37262"}],"curies":[{"name":"wp","href":"https:\/\/api.w.org\/{rel}","templated":true}]}}